ghest common divisor of 1770 and 60.
30
What is the greatest common divisor of 38 and 40394?
38
What is the highest common factor of 403 and 2263?
31
What is the highest common factor of 5085 and 3?
3
What is the greatest common divisor of 42 and 654?
6
What is the greatest common divisor of 23 and 74083?
23
Calculate the highest common divisor of 805 and 7889.
161
Calculate the highest common factor of 1155 and 715.
55
Calculate the highest common divisor of 1002 and 24.
6
What is the greatest common factor of 6 and 45?
3
Calculate the greatest common divisor of 2845 and 25.
5
What is the greatest common divisor of 2112 and 627?
33
What is the highest common factor of 87 and 249?
3
What is the greatest common factor of 12 and 136?
4
What is the greatest common divisor of 1276 and 264?
44
What is the highest common factor of 1958 and 89?
89
What is the highest common divisor of 1440 and 630?
90
Calculate the greatest common divisor of 308 and 324.
4
What is the highest common divisor of 14235 and 117?
39
Calculate the highest common factor of 518 and 370.
74
Calculate the greatest common factor of 104 and 26.
26
Calculate the greatest common divisor of 8 and 536.
8
Calculate the highest common divisor of 66 and 28149.
33
Calculate the greatest common divisor of 59 and 118.
59
Calculate the highest common factor of 1071 and 126.
63
Calculate the greatest common divisor of 153 and 119.
17
Calculate the highest common divisor of 572 and 494.
26
What is the greatest common factor of 253 and 44?
11
What is the greatest common factor of 12 and 14280?
12
Calculate the greatest common divisor of 325 and 25.
25
Calculate the greatest common factor of 34 and 408.
34
Calculate the greatest common factor of 160 and 1220.
20
Calculate the highest common factor of 40 and 500.
20
Calculate the greatest common factor of 109 and 8.
1
Calculate the highest common divisor of 1264 and 32.
16
What is the greatest common divisor of 1220 and 20?
20
Calculate the highest common factor of 425 and 34.
17
Calculate the greatest common factor of 75 and 575.
25
Calculate the greatest common factor of 392 and 168.
56
Calculate the highest common divisor of 182 and 448.
14
What is the highest common factor of 20205 and 45?
45
Calculate the greatest common divisor of 1 and 18.
1
What is the greatest common divisor of 27 and 99?
9
What is the greatest common factor of 594 and 2?
2
Calculate the greatest common divisor of 26 and 1846.
26
Calculate the highest common divisor of 255 and 561.
51
What is the highest common divisor of 16 and 106?
2
What is the greatest common factor of 22378 and 134?
134
What is the highest common divisor of 90 and 225?
45
What is the greatest common factor of 13 and 884?
13
What is the greatest common divisor of 5792 and 543?
181
What is the greatest common factor of 18 and 198?
18
What is the greatest common factor of 585 and 260?
65
Calculate the highest common divisor of 112 and 168.
56
What is the greatest common divisor of 13078 and 104?
26
Calculate the highest common factor of 44 and 2486.
22
What is the highest common divisor of 25 and 10?
5
Calculate the highest common divisor of 20 and 652.
4
What is the highest common factor of 7 and 6?
1
What is the greatest common factor of 8 and 232?
8
What is the highest common factor of 12 and 968?
4
Calculate the greatest common divisor of 3484 and 737.
67
Calculate the greatest common factor of 126 and 686.
14
What is the greatest common divisor of 67 and 268?
67
Calculate the greatest common factor of 403 and 39.
13
What is the highest common factor of 468 and 1116?
36
Calculate the greatest common factor of 810 and 162.
162
Calculate the greatest common factor of 4440 and 90.
30
What is the highest common divisor of 44329 and 194?
97
Calculate the greatest common factor of 87662 and 106.
106
Calculate the greatest common divisor of 336 and 46536.
168
Calculate the highest common divisor of 13 and 481.
13
Calculate the highest common factor of 84 and 1064.
28
Calculate the greatest common divisor of 22 and 110.
22
What is the greatest common factor of 6913 and 341?
31
What is the greatest common divisor of 23 and 5888?
23
Calculate the highest common factor of 525 and 42.
21
Calculate the highest common divisor of 12223 and 68.
17
Calculate the highest common factor of 36 and 3924.
36
Calculate the greatest common factor of 55 and 2255.
55
Calculate the highest common factor of 100 and 16.
4
What is the highest common divisor of 80 and 7940?
20
Calculate the highest common factor of 123 and 2829.
123
What is the highest common factor of 57 and 1311?
57
What is the greatest common factor of 4108 and 702?
26
Calculate the greatest common factor of 38935 and 65.
65
Calculate the greatest common factor of 220 and 44.
44
What is the highest common factor of 19 and 76?
19
Calculate the greatest common divisor of 144 and 3756.
12
What is the highest common factor of 10845 and 27?
9
Calculate the greatest common factor of 22 and 209.
11
Calculate the highest common divisor of 1760 and 3168.
352
What is the highest common divisor of 111 and 999?
111
What is the greatest common divisor of 10494 and 53?
53
Calculate the greatest common divisor of 368 and 276.
92
Calculate the greatest common divisor of 31 and 2263.
31
What is the highest common divisor of 156 and 24?
12
What is the highest common divisor of 1961 and 37?
37
What is the greatest common divisor of 273 and 63?
21
Calculate the greatest common factor of 69 and 69.
69
What is the highest common factor of 77 and 7403?
11
What is the highest common divisor of 155 and 3937?
31
Calculate the highest common factor of 5649 and 84.
21
Calculate the greatest common factor of 34 and 2839.
17
What is the highest common divisor of 1125 and 14400?
225
What is the highest common divisor of 1030 and 3914?
206
Calculate the highest common factor of 19053 and 87.
87
What is the highest common factor of 8151 and 286?
143
What is the greatest common divisor of 9860 and 60?
20
What is the highest common factor of 520 and 8710?
130
What is the greatest common factor of 7564 and 366?
122
What is the greatest common factor of 100 and 12?
4
Calculate the highest common factor of 296 and 104.
8
What is the highest common divisor of 2 and 126?
2
What is the highest common divisor of 570 and 456?
114
What is the highest common factor of 2756 and 338?
26
What is the highest common divisor of 42 and 294?
42
What is the highest common factor of 192 and 72?
24
Calculate the highest common divisor of 355 and 1136.
71
Calculate the highest common factor of 8 and 300.
4
What is the highest common factor of 224 and 8?
8
What is the greatest common divisor of 392 and 3976?
56
Calculate the highest common divisor of 12 and 192.
12
What is the greatest common divisor of 620 and 124?
124
What is the highest common factor of 34 and 425?
17
What is the highest common divisor of 2624 and 128?
64
What is the highest common divisor of 138 and 23?
23
What is the highest common divisor of 126 and 11628?
18
Calculate the highest common factor of 85 and 629.
17
Calculate the greatest common divisor of 198 and 216.
18
What is the greatest common factor of 864 and 64?
32
Calculate the greatest common factor of 150 and 1185.
15
Calculate the highest common factor of 60 and 1875.
15
Calculate the greatest common divisor of 4448 and 64.
32
What is the greatest common factor of 72 and 135?
9
Calculate the highest common divisor of 12496 and 176.
176
Calculate the greatest common divisor of 45 and 4932.
9
Calculate the greatest common factor of 483 and 462.
21
What is the highest common divisor of 174 and 957?
87
Calculate the greatest common factor of 6 and 15.
3
Calculate the highest common factor of 4949 and 101.
101
What is the greatest common divisor of 1313 and 52?
13
What is the greatest common factor of 126616 and 323?
323
What is the greatest common divisor of 1947 and 2832?
177
What is the greatest common factor of 855 and 15?
15
What is the greatest common divisor of 1807 and 13?
13
What is the greatest common divisor of 3775 and 325?
25
What is the greatest common divisor of 42 and 1092?
42
Calculate the highest common divisor of 437 and 4301.
23
Calculate the highest common factor